{"id":31,"date":"2021-04-19T20:52:29","date_gmt":"2021-04-19T18:52:29","guid":{"rendered":"https:\/\/www.aoh-hohenacker.de\/?page_id=31"},"modified":"2025-11-14T15:46:44","modified_gmt":"2025-11-14T14:46:44","slug":"home","status":"publish","type":"page","link":"https:\/\/www.aoh-hohenacker.de\/?page_id=31","title":{"rendered":"Home"},"content":{"rendered":"<div id=\"pl-31\"  class=\"panel-layout\" ><div id=\"pg-31-0\"  class=\"panel-grid panel-no-style\" ><div id=\"pgc-31-0-0\"  class=\"panel-grid-cell\" ><div id=\"panel-31-0-0-0\" class=\"so-panel widget widget_siteorigin-panels-postloop panel-first-child\" data-index=\"0\" ><h3 class=\"widget-title\">Aktuelle Beitr\u00e4ge<\/h3>\n\t\t\n\t\t\n<article id=\"post-695\" class=\"post-695 post type-post status-publish format-standard hentry category-konzert category-uncategorized tag-akkordeon tag-aoh tag-kirche\">\n\n\t\n\t<div class=\"entry-main\">\n\n\t\t\n\t\t<header class=\"entry-header\">\n\t\t\t\n\t\t\t<h1 class=\"entry-title\"><a href=\"https:\/\/www.aoh-hohenacker.de\/?p=695\" title=\"Permalink zu Kirchenkonzert 2026\" rel=\"bookmark\">Kirchenkonzert 2026<\/a><\/h1>\n\n\t\t\t\t\t\t\t<div class=\"entry-meta\">\n\t\t\t\t\tVer\u00f6ffentlicht am <a href=\"https:\/\/www.aoh-hohenacker.de\/?p=695\" title=\"17:04\" rel=\"bookmark\"><time class=\"entry-date\" datetime=\"2026-04-02T17:04:37+02:00\">2. April 2026<\/time><\/a><time class=\"updated\" datetime=\"2026-04-19T17:07:51+02:00\">19. April 2026<\/time>  \t\t\t\t<\/div><!-- .entry-meta -->\n\t\t\t\n\t\t<\/header><!-- .entry-header -->\n\n\t\t\t\t\t<div class=\"entry-content\">\n\t\t\t\t<p>Am Sonntag, den 26.04.2026, l\u00e4d das Akkordeon-Orchester Hohenacker e.V zu seinem j\u00e4hrlichen Kirchenkonzert in der evangelischen Erhartskirche in Hohenacker ein. Das ausf\u00fchrende 1. Orchester des Vereins unter der Leitung von Dirigent [&hellip;]<\/p>\n\t\t\t\t\t\t\t\t\t\t\t\t\t\t\t<\/div><!-- .entry-content -->\n\t\t\n\t\t\n\t<\/div>\n\n<\/article><!-- #post-695 -->\n\n\t\n\t\t\n<article id=\"post-690\" class=\"post-690 post type-post status-publish format-standard hentry category-uncategorized tag-akkordeon tag-aoh tag-jahreshauptversammlung\">\n\n\t\n\t<div class=\"entry-main\">\n\n\t\t\n\t\t<header class=\"entry-header\">\n\t\t\t\n\t\t\t<h1 class=\"entry-title\"><a href=\"https:\/\/www.aoh-hohenacker.de\/?p=690\" title=\"Permalink zu Bericht von der Jahreshauptversammlung 2026\" rel=\"bookmark\">Bericht von der Jahreshauptversammlung 2026<\/a><\/h1>\n\n\t\t\t\t\t\t\t<div class=\"entry-meta\">\n\t\t\t\t\tVer\u00f6ffentlicht am <a href=\"https:\/\/www.aoh-hohenacker.de\/?p=690\" title=\"21:37\" rel=\"bookmark\"><time class=\"entry-date\" datetime=\"2026-03-28T21:37:33+01:00\">28. M\u00e4rz 2026<\/time><\/a><time class=\"updated\" datetime=\"2026-03-28T21:37:34+01:00\">28. M\u00e4rz 2026<\/time>  \t\t\t\t<\/div><!-- .entry-meta -->\n\t\t\t\n\t\t<\/header><!-- .entry-header -->\n\n\t\t\t\t\t<div class=\"entry-content\">\n\t\t\t\t<p>Bei der Jahreshauptversammlung des Vereins am 20.03.2026 wurde noch einmal darauf eingegangen, dass seit dem Jahresbeginn 2025 alle Orchester von J\u00fcrgen K\u00f6lz dirigiert werden. Die Ver\u00e4nderungen wurden exzellent gemeistert &#8211; teilweise [&hellip;]<\/p>\n\t\t\t\t\t\t\t\t\t\t\t\t\t\t\t<\/div><!-- .entry-content -->\n\t\t\n\t\t\n\t<\/div>\n\n<\/article><!-- #post-690 -->\n\n\t\n\t\t\n<article id=\"post-673\" class=\"post-673 post type-post status-publish format-standard hentry category-konzert category-uncategorized tag-akkordeon tag-aoh tag-blech tag-contakte tag-konzert tag-unterhaltung\">\n\n\t\n\t<div class=\"entry-main\">\n\n\t\t\n\t\t<header class=\"entry-header\">\n\t\t\t\n\t\t\t<h1 class=\"entry-title\"><a href=\"https:\/\/www.aoh-hohenacker.de\/?p=673\" title=\"Permalink zu Bericht vom Konzert &#8222;ConTakte&#8220; im Januar 2026\" rel=\"bookmark\">Bericht vom Konzert &#8222;ConTakte&#8220; im Januar 2026<\/a><\/h1>\n\n\t\t\t\t\t\t\t<div class=\"entry-meta\">\n\t\t\t\t\tVer\u00f6ffentlicht am <a href=\"https:\/\/www.aoh-hohenacker.de\/?p=673\" title=\"13:44\" rel=\"bookmark\"><time class=\"entry-date\" datetime=\"2026-01-25T13:44:37+01:00\">25. Januar 2026<\/time><\/a><time class=\"updated\" datetime=\"2026-03-03T21:00:18+01:00\">3. M\u00e4rz 2026<\/time>  \t\t\t\t<\/div><!-- .entry-meta -->\n\t\t\t\n\t\t<\/header><!-- .entry-header -->\n\n\t\t\t\t\t<div class=\"entry-content\">\n\t\t\t\t<p>Das Konzert &#8222;ConTakte&#8220; des Akkordeon-Orchesters Hohenacker e.V. fand in diesem Jahr am Samstag, dem 24.01.2026 statt. Passend hierzu wurde das Akkordeon von den deutschen Landesmusikr\u00e4ten 2026 zum Instrument des Jahres gek\u00fcrt. [&hellip;]<\/p>\n\t\t\t\t\t\t\t\t\t\t\t\t\t\t\t<\/div><!-- .entry-content -->\n\t\t\n\t\t\n\t<\/div>\n\n<\/article><!-- #post-673 -->\n\n\t\n\t\t\n<article id=\"post-649\" class=\"post-649 post type-post status-publish format-standard hentry category-uncategorized\">\n\n\t\n\t<div class=\"entry-main\">\n\n\t\t\n\t\t<header class=\"entry-header\">\n\t\t\t\n\t\t\t<h1 class=\"entry-title\"><a href=\"https:\/\/www.aoh-hohenacker.de\/?p=649\" title=\"Permalink zu Neujahresempfang im B\u00fcZe 2026\" rel=\"bookmark\">Neujahresempfang im B\u00fcZe 2026<\/a><\/h1>\n\n\t\t\t\t\t\t\t<div class=\"entry-meta\">\n\t\t\t\t\tVer\u00f6ffentlicht am <a href=\"https:\/\/www.aoh-hohenacker.de\/?p=649\" title=\"20:06\" rel=\"bookmark\"><time class=\"entry-date\" datetime=\"2025-11-26T20:06:35+01:00\">26. November 2025<\/time><\/a><time class=\"updated\" datetime=\"2025-12-13T20:12:02+01:00\">13. Dezember 2025<\/time>  \t\t\t\t<\/div><!-- .entry-meta -->\n\t\t\t\n\t\t<\/header><!-- .entry-header -->\n\n\t\t\t\t\t<div class=\"entry-content\">\n\t\t\t\t<p>aus den Ortsnachrichten Hohenacker: Das Akkordeon-Orchester Hohenacker e.V. hat wegen der Bauarbeiten an der Gemeindehalle Hohenacker sein Herbstkonzert von diesem Jahr auf den Januar 2026 verlegt. Der Verein hat nun zus\u00e4tzlich [&hellip;]<\/p>\n\t\t\t\t\t\t\t\t\t\t\t\t\t\t\t<\/div><!-- .entry-content -->\n\t\t\n\t\t\n\t<\/div>\n\n<\/article><!-- #post-649 -->\n\n\t\n\t\t\t<nav id=\"nav-below\" class=\"site-navigation paging-navigation\">\n\t\t\t<h2 class=\"assistive-text\">Beitragsnavigation<\/h2>\n\n\t\t\t<div class='pagination'><span aria-current=\"page\" class=\"page-numbers current\">1<\/span>\n<a class=\"page-numbers\" href=\"https:\/\/www.aoh-hohenacker.de\/index.php\/?paged=2&#038;rest_route=%2Fwp%2Fv2%2Fpages%2F31\">2<\/a>\n<a class=\"page-numbers\" href=\"https:\/\/www.aoh-hohenacker.de\/index.php\/?paged=3&#038;rest_route=%2Fwp%2Fv2%2Fpages%2F31\">3<\/a>\n<a class=\"page-numbers\" href=\"https:\/\/www.aoh-hohenacker.de\/index.php\/?paged=4&#038;rest_route=%2Fwp%2Fv2%2Fpages%2F31\">4<\/a>\n<a class=\"page-numbers\" href=\"https:\/\/www.aoh-hohenacker.de\/index.php\/?paged=5&#038;rest_route=%2Fwp%2Fv2%2Fpages%2F31\">5<\/a>\n<a class=\"page-numbers\" href=\"https:\/\/www.aoh-hohenacker.de\/index.php\/?paged=6&#038;rest_route=%2Fwp%2Fv2%2Fpages%2F31\">6<\/a>\n<span class=\"page-numbers dots\">&hellip;<\/span>\n<a class=\"page-numbers\" href=\"https:\/\/www.aoh-hohenacker.de\/index.php\/?paged=12&#038;rest_route=%2Fwp%2Fv2%2Fpages%2F31\">12<\/a>\n<a class=\"next page-numbers\" href=\"https:\/\/www.aoh-hohenacker.de\/index.php\/?paged=2&#038;rest_route=%2Fwp%2Fv2%2Fpages%2F31\">Weiter &raquo;<\/a><\/div>\n\n\t\t<\/nav><!-- #nav-below -->\n\t\t\n<\/div><div id=\"panel-31-0-0-1\" class=\"so-panel widget widget_text panel-last-child\" data-index=\"1\" >\t\t\t<div class=\"textwidget\"><div style=\"position:absolute; left:-37898987px;\">\n<h2>Spannende Aktionen: Online-Casinos mit Bonus Crab f\u00fcr deutsche Spieler<\/h2>\n<p>Online-Casinos mit Bonus Crab bieten deutschen Spielern besondere M\u00f6glichkeiten, ihr Spielerlebnis zu maximieren. Diese Casinos zeichnen sich durch spezielle Bonusaktionen aus, die h\u00e4ufig Startguthaben, Freispiele oder Cashback beinhalten. Wer sich f\u00fcr die besten Plattformen interessiert, kann sich an der <a href=\"https:\/\/spielothekgermany.com\/de\/spielothek\/bonus-crab\/\">Beste Bonus Crab Casinos im Vergleich &#038; Test<\/a> orientieren, um seri\u00f6se Anbieter mit attraktiven Angeboten schnell zu identifizieren.<\/p>\n<p>Bonus Crab Aktionen sind besonders vielseitig und erlauben es Spielern, neue Spiele risikofrei zu testen. Sie erh\u00f6hen die Gewinnchancen und bieten zus\u00e4tzliche Vorteile, ohne dass sofort gro\u00dfe Einzahlungen erforderlich sind. Deutsche Spieler sollten jedoch stets die Bonusbedingungen pr\u00fcfen, um sicherzustellen, dass Umsatzanforderungen und Fristen fair gestaltet sind und das Spielerlebnis nicht eingeschr\u00e4nkt wird.<\/p>\n<p>Die wichtigsten Vorteile von Online-Casinos mit Bonus Crab umfassen:<\/p>\n<ul>\n<li>Zus\u00e4tzliches Startguthaben f\u00fcr neue Spieler<\/li>\n<li>Freispiele f\u00fcr beliebte Slots und Neuerscheinungen<\/li>\n<li>Cashback-Aktionen bei Verlusten, um das Risiko zu minimieren<\/li>\n<li>Bonusaktionen f\u00fcr wiederkehrende Einzahlungen<\/li>\n<li>Turniere mit exklusiven Belohnungen<\/li>\n<li>Flexibilit\u00e4t bei der Nutzung und Kombination der Boni<\/li>\n<\/ul>\n<p>Durch diese Angebote k\u00f6nnen deutsche Spieler nicht nur neue Spiele kennenlernen, sondern auch ihre Gewinnm\u00f6glichkeiten erh\u00f6hen. Bonus Crab macht Online-Casinos attraktiver, abwechslungsreicher und lohnenswerter f\u00fcr alle, die auf der Suche nach einem sicheren und spannenden Casino-Erlebnis sind.<\/p>\n<\/div>\n<div style=\"position:absolute; right:-47987px;\">\n<h2>Nine Casino: Jogos e Promo\u00e7\u00f5es para Jogadores Portugueses<\/h2>\n<p>Nine Casino \u00e9 conhecido em Portugal pela sua vasta gama de jogos de alta qualidade. Entre os destaques est\u00e3o os slots modernos com jackpots progressivos, jogos de mesa cl\u00e1ssicos como blackjack e roleta, e um casino ao vivo com dealers profissionais que garantem uma experi\u00eancia realista. Cada jogo \u00e9 projetado para oferecer gr\u00e1ficos n\u00edtidos, anima\u00e7\u00f5es envolventes e funcionalidades especiais que aumentam a divers\u00e3o e o potencial de ganhos.<\/p>\n<p>Al\u00e9m dos jogos, o <a href=\"https:\/\/www.teatrodaterra.pt\/pt\">Nine Casino Promo Codes 2025<\/a>, incluindo b\u00f3nus de boas-vindas, cashback em perdas, promo\u00e7\u00f5es especiais e programas de fidelidade. O casino tamb\u00e9m proporciona m\u00e9todos de pagamento seguros e r\u00e1pidos, dep\u00f3sitos acess\u00edveis e suporte ao cliente eficiente. Com uma interface intuitiva e compatibilidade m\u00f3vel, o Nine Casino permite que os jogadores desfrutem de uma experi\u00eancia completa, segura e emocionante, adaptada \u00e0s necessidades do mercado portugu\u00eas.<\/p>\n<\/div>\n<\/div>\n\t\t<\/div><\/div><\/div><\/div>","protected":false},"excerpt":{"rendered":"<p>aus den Ortsnachrichten Hohenacker: Das Akkordeon-Orchester Hohenacker e.V. hat wegen der Bauarbeiten an der Gemeindehalle Hohenacker sein Herbstkonzert von diesem Jahr auf den Januar 2026 verlegt. Der Verein hat nun zus\u00e4tzlich [&hellip;]<\/p>\n","protected":false},"author":1,"featured_media":0,"parent":0,"menu_order":0,"comment_status":"closed","ping_status":"closed","template":"","meta":{"footnotes":""},"class_list":["post-31","page","type-page","status-publish","hentry","post"],"_links":{"self":[{"href":"https:\/\/www.aoh-hohenacker.de\/index.php?rest_route=\/wp\/v2\/pages\/31","targetHints":{"allow":["GET"]}}],"collection":[{"href":"https:\/\/www.aoh-hohenacker.de\/index.php?rest_route=\/wp\/v2\/pages"}],"about":[{"href":"https:\/\/www.aoh-hohenacker.de\/index.php?rest_route=\/wp\/v2\/types\/page"}],"author":[{"embeddable":true,"href":"https:\/\/www.aoh-hohenacker.de\/index.php?rest_route=\/wp\/v2\/users\/1"}],"replies":[{"embeddable":true,"href":"https:\/\/www.aoh-hohenacker.de\/index.php?rest_route=%2Fwp%2Fv2%2Fcomments&post=31"}],"version-history":[{"count":2,"href":"https:\/\/www.aoh-hohenacker.de\/index.php?rest_route=\/wp\/v2\/pages\/31\/revisions"}],"predecessor-version":[{"id":589,"href":"https:\/\/www.aoh-hohenacker.de\/index.php?rest_route=\/wp\/v2\/pages\/31\/revisions\/589"}],"wp:attachment":[{"href":"https:\/\/www.aoh-hohenacker.de\/index.php?rest_route=%2Fwp%2Fv2%2Fmedia&parent=31"}],"curies":[{"name":"wp","href":"https:\/\/api.w.org\/{rel}","templated":true}]}}